)). Calculate the highest common factor of o and 96.
12
Let g be (34/(-4))/(11/(-44)). Calculate the highest common divisor of g and 17.
17
Suppose -20*m + 11*m = -144. Calculate the highest common factor of 12 and m.
4
Let f(x) be the second derivative of -8*x**3/3 - 5*x**2/2 - x. Let k be f(5). Let m be 2/(-4) + k/(-2). Calculate the greatest common divisor of m and 14.
14
Suppose p = 4*n - 16, 6 = -p + n + n. What is the highest common divisor of p and 1?
1
Suppose -2*j + 2*t = -138, 0 = -2*j - t - 4*t + 159. What is the highest common factor of 8 and j?
8
Let f be (1 - 13)/(24/(-112)). What is the greatest common divisor of 7 and f?
7
Let b = 201 + -39. Let d = 35 + -17. What is the highest common divisor of d and b?
18
Let a = 5 + -11. Suppose 148 = 4*o - 8*o. Let l be o/(-3) + a/18. What is the greatest common divisor of l and 18?
6
Let x(f) = -2*f - 6. Let w be x(-4). Calculate the greatest common divisor of w and 18.
2
Suppose -2*p + 39 = p. Calculate the greatest common factor of 91 and p.
13
Let n = 29 - 24. Suppose j + 4*j - a = 278, 5*j - n*a - 290 = 0. Let v(z) = z**2 + 22. Let f be v(0). Calculate the greatest common divisor of j and f.
11
Suppose -5*p - 51 = -61. What is the greatest common divisor of 14 and p?
2
Let r = -39 - -88. Calculate the highest common factor of 441 and r.
49
Let f(u) = u**2 + 4*u**2 - 1 - 3*u + 2*u. Let g be f(-1). Suppose -2*c + 0*c + 29 = 3*p, 0 = -g*p + 2*c + 59. Calculate the greatest common factor of 33 and p.
11
Let x be (2/10)/(2/10). Let s be (-4 - -3)/(x/(-5)). Calculate the greatest common divisor of 15 and s.
5
Let a(n) = 12*n**3 + 2*n - 1. Let h be (-6)/2*(-3)/9. Let w be a(h). What is the greatest common divisor of w and 39?
13
Let b = 41 + -21. Calculate the greatest common divisor of 180 and b.
20
Let s(v) = -v**3 + 5*v**2 + 6*v + 7. Let z be s(6). Let m(r) = -r**2 + 9*r. Let t be m(z). Calculate the greatest common factor of 112 and t.
14
Suppose 5*n = 10, -3*f - 25 = -8*f - 5*n. What is the greatest common divisor of f and 6?
3
Let b = 24 + 15. What is the highest common divisor of b and 13?
13
Let j(m) = -13*m + 2. Let p be j(-6). Let k = -2 - -5. Suppose -q - 2*s - k*s = -36, -20 = -q - s. What is the greatest common divisor of p and q?
16
Let m(h) = h**3 - 6*h**2 + h. Let x be m(6). Suppose -r - t = -x*t - 7, -2*r + 8 = -4*t. Calculate the highest common factor of r and 1.
1
Let l be 14*5 + 0/4. Calculate the highest common factor of 28 and l.
14
Let c be (-5)/25 - (-2)/10. Suppose 0*m = -m - 1, -3*b + m = 5. Let x = c - b. What is the greatest common divisor of x and 4?
2
Let w(u) be the first derivative of -u**2/2 + 4*u + 3. Let d be w(3). Suppose 2*f = -d + 3. What is the highest common divisor of 10 and f?
1
Let z be (10*1)/(8/16). What is the greatest common divisor of z and 20?
20
Suppose -2*x = 5 - 11. Suppose -x*l = 2*l - 70. Calculate the greatest common factor of 14 and l.
14
Let v be (-6)/3 - -2 - -11. What is the highest common factor of v and 22?
11
Let r(k) = 0 + 0 - 93*k + 14*k + 1. Let u be r(-2). Let x = u - 111. Calculate the greatest common factor of x and 12.
12
Let a = 0 - -1. Let p be -1 - (-2 - -4 - a). Let u be 2 + 0 + (1 - p). What is the highest common factor of u and 20?
5
Let p(x) = -x - 1. Let i be p(-10). Let n be 0 + 3 + -4 + i. Calculate the highest common factor of 24 and n.
8
Suppose -3*t + 18 = -u, 4*u + 16 + 8 = -4*t. Let o = u + 29. Suppose 4*x = 8, 5*x - 490 = -h - 2*h. Calculate the highest common divisor of o and h.
20
Let j = 50 + -35. What is the highest common divisor of 105 and j?
15
Let k(g) = g**2 + 4*g + 7. Let n be k(-7). Calculate the highest common factor of 14 and n.
14
Let v(p) = p**3 + 7*p**2 + 7. Let b be v(-7). Calculate the greatest common divisor of b and 28.
7
Let r(h) = -h**3 - 8*h**2 - 6*h - 12. Let l be r(-8). Calculate the greatest common factor of 12 and l.
12
Let u = 4 - 1. Suppose -m = -u*m + 16. Suppose 6*q = 2*q + m, -k - 2*q = -11. Calculate the highest common factor of 21 and k.
7
Suppose -2*r = -5*r. Suppose -4*b = 5*f - 0*f - 455, r = -b - 5*f + 125. What is the highest common factor of b and 10?
10
Suppose -4*w - 5*j = -27, 5*w - 4*j = 71 + 14. Calculate the greatest common divisor of w and 26.
13
Let i(j) = -j**2 - 8*j - 6. Let x be i(-7). Let r = 15 - 9. Calculate the highest common divisor of x and r.
1
Let k be ((-36)/(-10) - (-24)/60) + 32. Calculate the highest common divisor of 81 and k.
9
Suppose -2*l - 4*t = -1 + 3, -3*t = -3*l + 33. Let r be ((-6)/l)/(3/(-21)). Calculate the greatest common factor of r and 2.
2
Let n(v) = v**3 - 5*v**2 - 5*v - 3. Let a be n(5). Let s be 234*(-3 - a/8). Calculate the greatest common factor of s and 13.
13
Suppose 2*c = 3*z - 41, -4*z = -3*z + 4*c - 37. What is the greatest common divisor of z and 68?
17
Let i = 63 - 51. What is the highest common divisor of i and 156?
12
Let k(h) = -3*h + 3 + 8*h**3 - 14*h**2 - 9*h**2 + 24*h**2. Let y be 0*(-2)/2 - -2. Let p be k(y). What is the highest common divisor of 13 and p?
13
Let t be 0 - (-6 + 0/(-2)). Let x(i) = -i - 10. Let s be x(-15). Suppose 0 = -s*f + 2 + 3. What is the greatest common divisor of f and t?
1
Let c(t) = -t**3 - 3*t**2 - 2*t + 3. Let h be c(-4). Calculate the highest common divisor of 18 and h.
9
Let o be 2*-1 + 426/6. Calculate the highest common factor of 46 and o.
23
Suppose -6 = -2*h + 6. What is the greatest common factor of h and 12?
6
Suppose 4*w + 44 - 135 = 3*g, 2*w + 3*g - 23 = 0. What is the highest common divisor of w and 152?
19
Suppose -5*m = -5 - 15. Let b be (22/m)/((-4)/(-24)). What is the greatest common divisor of 11 and b?
11
Suppose 0 = 3*s + s - 16. Suppose 3*w = 4*w - 4. Suppose -2*f = -5*h - 45, -60 = -w*f + 3*h + h. What is the highest common factor of f and s?
2
Suppose -116*f = -121*f + 375. Calculate the highest common divisor of f and 30.
15
Let x = -3 - -7. Let a be (13 + x)*(-8)/(-2). Calculate the greatest common factor of a and 17.
17
Let m(w) = w**3 - 4*w + w + 2 + w + 5*w**2. Let j be m(-5). Suppose -f = 2*f - j. Calculate the greatest common divisor of f and 6.
2
Let j be 1*6*(-2 - -3). Suppose z = j*z + 120. Let d be (-10)/3*z/10. What is the highest common factor of d and 56?
8
Let s = 41 + -19. Suppose 2*v - 15 = -3*v. Suppose 5*p = 5*o + 295, 4*p + v*o - 200 = -2*o. Calculate the highest common divisor of s and p.
11
Let t be 135*5*1/5. Calculate the greatest common factor of t and 15.
15
Let v(f) = f**2 + 5. Let p be v(-4). What is the highest common divisor of p and 189?
21
Let w(v) = v**2 + 3*v + 2. Let p be w(-4). Let r be ((-3)/(-2))/(p/4). Let b be 5 - -1 - (3 + -2). What is the greatest common factor of b and r?
1
Suppose 0 = -2*d - 6*l + 2*l, -2*d + l + 15 = 0. Calculate the greatest common factor of 18 and d.
6
Let z be 22*-1*(-9 - -1). Let o = -6 + 110. Let x = z - o. What is the greatest common divisor of 8 and x?
8
Suppose 0 = 2*a + 33 - 117. Calculate the greatest common divisor of 14 and a.
14
Let k(f) = -f**3 - 8*f**2 - 8*f - 2. Let s be k(-7). Suppose 0 = s*y - 194 + 44. What is the highest common divisor of 5 and y?
5
Let s be 33/6 + 2/4. Let u = 11 - s. Let a be (50 - 3) + (-6)/3. What is the greatest common factor of a and u?
5
Let v(d) = d + 20 + 2*d - 2*d. Let j be v(-9). What is the greatest common divisor of j and 33?
11
Let y be (6/(-10))/((-3)/45). Let a be y*-1*2/(-6). Calculate the greatest common factor of a and 27.
3
Suppose 5*q + 5*n - 110 = -0*n, 4 = 4*n. Suppose 4*p = 58 - 46. Calculate the highest common factor of q and p.
3
Suppose -200 = -7*b + 2*b. Calculate the greatest common divisor of b and 280.
40
Suppose 0 = -2*s + 71 + 19. Suppose -c + 6*c = 45. What is the highest common divisor of c and s?
9
Suppose q - 12 = -6. What is the highest common factor of q and 66?
6
Let s be (-4)/(-2 - 24/(-10)). Let r(w) = 5*w + 1. Let v be r(6). Let x = v + s. Calculate the greatest common divisor of x and 7.
7
Let j = -69 - -97. Let s be 14 + 0*(-3)/(-9). Calculate the highest common factor of s and j.
14
Let a(i) = i - 1. Let c(d) = -9*d - 5. Let j(x) = 5*a(x) + c(x). Let s be j(-9). Calculate the greatest common divisor of 65 and s.
13
Let n(i) = -i. Let z be n(-7). Let a be (12/z)/((-4)/(-154)). Calculate the greatest common factor of a 